{"id":193,"date":"2022-01-15T09:23:56","date_gmt":"2022-01-15T08:23:56","guid":{"rendered":"http:\/\/soie-vie-laine.com\/?page_id=193"},"modified":"2022-01-15T09:23:56","modified_gmt":"2022-01-15T08:23:56","slug":"a-propos","status":"publish","type":"page","link":"https:\/\/soie-vie-laine.com\/index.php\/a-propos\/","title":{"rendered":"A propos"},"content":{"rendered":"\n<p>Je m&#8217;appelle Florence Leblanc. J&#8217;ai d\u00e9couvert et commencer le Nuno Feutrage en juillet 2015, en commen\u00e7ant par une formation chez Annelie Petitqueux (annafibre.com). Ce fut une vrai r\u00e9v\u00e9lation, une semaine passionnante qui m&#8217;a pouss\u00e9 \u00e0 continuer la d\u00e9couverte.<\/p>\n\n\n\n<p>Ce n&#8217;est pas mon seul travail, j&#8217;ai \u00e9galement une ferme p\u00e9dagogique \u00e0 Rieux-Volvestre, Le Rucher des \u00c2nes, que je dirige avec mon mari.<\/p>\n\n\n\n<p>Je continue \u00e0 d\u00e9couvrir de nouveaux projets, de nouvelles formes, de nouvelles textures. J&#8217;esp\u00e8re que vous les appr\u00e9cierez vous aussi.<\/p>\n\n\n\n<p>Je me lance officiellement en janvier 2022 en tant qu&#8217;artisan Feutri\u00e8re Nuno.<\/p>\n\n\n\n<p>N&#8217;h\u00e9sitez pas \u00e0 me contacter !<\/p>\n","protected":false},"excerpt":{"rendered":"<p>Je m&#8217;appelle Florence Leblanc. J&#8217;ai d\u00e9couvert et commencer le Nuno Feutrage en juillet 2015, en commen\u00e7ant par une formation chez<\/p>\n<p><a href=\"https:\/\/soie-vie-laine.com\/index.php\/a-propos\/\" class=\"more-link\">Continue reading<span class=\"screen-reader-text\">A propos<\/span><\/a><\/p>\n","protected":false},"author":1,"featured_media":0,"parent":0,"menu_order":0,"comment_status":"closed","ping_status":"closed","template":"","meta":[],"_links":{"self":[{"href":"https:\/\/soie-vie-laine.com\/index.php\/wp-json\/wp\/v2\/pages\/193"}],"collection":[{"href":"https:\/\/soie-vie-laine.com\/index.php\/wp-json\/wp\/v2\/pages"}],"about":[{"href":"https:\/\/soie-vie-laine.com\/index.php\/wp-json\/wp\/v2\/types\/page"}],"author":[{"embeddable":true,"href":"https:\/\/soie-vie-laine.com\/index.php\/wp-json\/wp\/v2\/users\/1"}],"replies":[{"embeddable":true,"href":"https:\/\/soie-vie-laine.com\/index.php\/wp-json\/wp\/v2\/comments?post=193"}],"version-history":[{"count":1,"href":"https:\/\/soie-vie-laine.com\/index.php\/wp-json\/wp\/v2\/pages\/193\/revisions"}],"predecessor-version":[{"id":194,"href":"https:\/\/soie-vie-laine.com\/index.php\/wp-json\/wp\/v2\/pages\/193\/revisions\/194"}],"wp:attachment":[{"href":"https:\/\/soie-vie-laine.com\/index.php\/wp-json\/wp\/v2\/media?parent=193"}],"curies":[{"name":"wp","href":"https:\/\/api.w.org\/{rel}","templated":true}]}}